 + 0*h = -4*b - 13, 4*h - b = 22. Let s(j) = 2*j**2 - 2 - 1 + h*j - 2*j - 3*j**2. Give s(3).
-3
Let t(i) = 2*i - 16. Let r be t(11). Let g be (2/r - 1)*-6. Let p(v) = -v**3 + 5*v**2 - 4*v + 2. What is p(g)?
2
Let f(w) = -2*w**3 + w**2 + 2*w + 4. Let l(d) = -d**3 + d**2 + 3*d + 5. Let o(k) = 4*f(k) - 3*l(k). Let v be o(1). Let a(p) = -p**2 - 3*p + 1. Give a(v).
-3
Let n(v) = -2*v + 6. Let g = 75 - 70. Give n(g).
-4
Let i(o) = -o**3 - 7*o**2 + 7*o - 6. Let c be i(-8). Let f(q) be the second derivative of 0 - 3/10*q**5 + 3*q - 1/2*q**c + 0*q**3 + 1/6*q**4. Give f(-1).
7
Let z(d) be the third derivative of d**6/120 + d**5/30 - d**4/4 - d**3/3 - 9*d**2. Let b = 6 - 10. Give z(b).
-10
Let b(j) be the first derivative of -3*j**2/2 + 3*j + 2. Determine b(6).
-15
Suppose 1 = -2*y - 1. Let p(o) be the first derivative of o**3/3 - o**2/2 - o + 1. Calculate p(y).
1
Let j(o) be the third derivative of -o**6/120 + o**5/20 - o**4/12 + o**3/2 + o**2. Let f(n) = n**2 - 4*n - 10. Let v be f(6). What is j(v)?
3
Suppose -c + 2 = 1. Let f(i) = 1. Let q(m) = -m**3 + 4*m**2 - 4*m + 1. Let v(p) = c*q(p) + 2*f(p). Let y(k) = -k + 1. Let o be y(-1). What is v(o)?
3
Let c(w) be the second derivative of -w**5/20 + w**4/12 - 2*w**2 - 2*w. Let v = 5 - 5. What is c(v)?
-4
Let l(o) = o**3 - 5*o**2 - 2*o + 6. Let x be l(5). Let c(f) be the second derivative of -f**3/3 - 2*f**2 - 3*f. Determine c(x).
4
Let y(z) = -3*z**2 + 2*z + 2. Let t(m) = m. Let v(o) = -4*t(o) + y(o). Calculate v(2).
-14
Let t(p) = p**2 - 3*p - 2. Let l be t(4). Let r(a) = -4 - 4*a + 4*a**l + 4 + a**3. Let u = 64 - 69. Give r(u).
-5
Suppose -10 + 0 = -5*m. Let q(l) = l - l**3 + m*l + 2*l**3 + 5*l**2. Calculate q(-4).
4
Let j(i) = i - 4. Let o be j(7). Suppose -o = -2*s + s. Let u(f) = f**2 - 3*f - 4. Give u(s).
-4
Let a(d) = -d + 13. Let z be a(13). Let n(k) be the third derivative of 1/6*k**3 + k**2 + z*k - 1/24*k**4 + 0. Give n(1).
0
Let f(b) be the first derivative of -b**6/360 - b**5/60 + b**4/8 + b**3 + 4. Let l(u) be the third derivative of f(u). What is l(-4)?
-5
Let n(i) be the third derivative of -i**6/30 + i**5/30 - i**3/6 - 3*i**2. Suppose -b - o = 0, 0*b - 3*b = o + 2. Give n(b).
5
Let m(w) = w**2 + 2*w. Let g(y) = y**2 + 6*y + 3. Let t = -6 + 9. Let f = t + -8. Let c be g(f). Calculate m(c).
0
Suppose -4*q - 7 = 3*l, l = 4*q - q - 11. Let j(y) = y**2 - 5 + q + 3*y - 2*y + 1. Calculate j(-3).
4
Suppose g + 30 = 5*j, 2*j + 0*g - g - 15 = 0. Suppose -4*p - j*i = -p + 25, 4*p - 20 = 4*i. Let s(m) = -1 + p*m**2 - 3*m - 3 + m**2. Give s(5).
6
Let a(p) be the second derivative of 2*p**3/3 - p**2/2 + p. Give a(1).
3
Suppose 5*a + 11 = -14. Let p be 2 - (0 - (2 + a)). Let r(z) = 25*z + 5. Let d(m) = -6*m - 1. Let x(q) = 9*d(q) + 2*r(q). Calculate x(p).
5
Let j = -6 - -10. Suppose 0 = -3*b - w + 15, -5*w - 2 + 1 = -4*b. Let q(c) = 1 - c - c**2 + 2*c**2 + 0*c - b*c. Calculate q(j).
-3
Let x(l) = l**2 - 5*l - 7. Let v be x(6). Let k be 0 + v + 2 + 0. Let g(y) = 4*y**2 + y - 3. Let w(s) = -s**2 - 1. Let a(m) = k*g(m) + 3*w(m). Calculate a(0).
-6
Let n = 6 - 5. Let z be (-2)/(2*3)*-6. Let b(w) = -z*w + 4*w + 0*w. Calculate b(n).
2
Let i(z) = -5*z - 4. Let a be i(-4). Let h = a + -12. Let p(k) = k**3 - 3*k**2 - 3*k - 3. Determine p(h).
1
Let u(c) be the third derivative of -c**7/1260 + c**6/720 + c**5/60 - c**4/24 - 6*c**2. Let d(g) be the second derivative of u(g). Determine d(2).
-4
Let c(a) = -4*a**2 + 3. Let q(j) = 3*j**2 - 2. Let g(l) = 2*c(l) + 3*q(l). Determine g(0).
0
Let h(j) = j**2 + 3*j + 2. Let d(q) = -q**2 + 4*q - 3. Let m be d(4). What is h(m)?
2
Suppose 0 = 2*k + 4. Let v(w) be the second derivative of -5*w + w**2 + 1/12*w**4 + 0 + 1/6*w**3. Determine v(k).
4
Let p be 34/9 - 4/(-18). Let w(z) = 1 + p - 1 - z. Determine w(-4).
8
Let h(x) = -x + 3. Let t be (0 - -1)/((-7)/(-14)). Suppose -z - 2 = r - 6, -r = 3*z - t. What is h(r)?
-2
Let b be 124/28 + 16/28. Suppose 8 = 3*q - 2*r + 31, -q - b*r = -15. Let y(o) = o**3 + 5*o**2 + o + 7. What is y(q)?
2
Let h(k) = -2 - 8*k + 13*k + 1 - 1. Give h(2).
8
Suppose -4*p + p = 0. Suppose 11 = -p*o + 3*o - u, -3*o + 4*u - 1 = 0. Let v(y) = 0*y**3 - o - 2 + y**3 + 5 - 2*y**2 + y. Calculate v(2).
0
Let y = 0 - -3. Let h(v) be the second derivative of v**3/3 + v**2 + 3*v. What is h(y)?
8
Let j = -1 - -1. Let l(s) = 0 + 0*s + j - 3*s**2 + s**3 - 3 + s. Give l(3).
0
Let r(h) = -h**2 + 4*h + 5. Let d(k) = k**3 - 3*k**2 - 3*k + 6. Let t be d(4). Let i = 15 - t. Let b be r(i). Let n(o) = -o**2 + 6. Give n(b).
6
Suppose -2*x + 6 = -0. Suppose 5*j = 2*j + 12. Let a(r) = -r - j + 1 + 1. What is a(x)?
-5
Suppose -3*x + 9 - 3 = 0. Suppose -h + 4 = x*p - 8, 0 = -3*p + 9. Suppose -h*a = -2*a + 8. Let k(m) = -3*m**2 - 3*m - 1. Give k(a).
-7
Let v(i) = -5*i**2 + 7*i + 6. Let x(o) = -2*o**2 + 3. Let k(n) = n. Let h(d) = 4*k(d) + x(d). Let z(m) = 7*h(m) - 3*v(m). Give z(-6).
-3
Let d(u) = u**2 - 9*u + 6. Suppose -3*l = 5*r - 5, 0 = -5*r + l + l + 30. Determine d(r).
-14
Let o(y) = 3*y**2 + 2*y - 2. Suppose -5*j + 1 = -4. Let l = -1 - j. Calculate o(l).
6
Let m be 28/6 + (-18)/27. Let k(a) = -3*a + 2*a - 5 - a. Determine k(m).
-13
Suppose 4*a = -w - 4, -a = w - 1 + 2. Suppose w*d = d + 6. Let l(t) = t + 7. Calculate l(d).
1
Suppose 5*w + w = -6. Let h(s) = -13*s**3 + 1. Determine h(w).
14
Let a(w) = w**2 + 2*w + 3. Let l(h) = -2*h**2 - 3*h - 6. Let c = -4 + 6. Let k be 1 - c - (-16)/(-4). Let s(m) = k*a(m) - 2*l(m). Determine s(-2).
1
Let y(q) = 2*q + 1. Suppose 10 - 2 = 4*d. Suppose i - 4 = -d. Calculate y(i).
5
Let t(i) = 2*i**3 + 2*i - 3. Suppose 3*j = -5*s + 16, -14 = -2*s - 2*s - 3*j. Calculate t(s).
17
Let c(b) = 10*b**2 - 2*b + 1. Let u = 0 + 1. Calculate c(u).
9
Let f(w) = -7*w**2 + 1. Suppose 8 = 2*c + 2*r, -12 = -0*c - 4*c - 2*r. Let j be (6/(-12))/(c/(-4)). Calculate f(j).
-6
Let x(z) = -36*z**3 - 2*z - 3*z + 5*z**2 + 1 + 2 + 37*z**3. Give x(-6).
-3
Let q(f) = -f**2 + 1. Let z be q(-2). Let i be ((-30)/(-9) + z)*15. Let r(p) = -p + 3. Calculate r(i).
-2
Let j(l) = 2*l - 1. Let b = -5 + 7. Determine j(b).
3
Let z(q) = 2*q - 2. Let y(t) = t**3 + 9*t**2 - t - 7. Let j be y(-9). Suppose -k + p = -3*k + 6, 3*k - 16 = j*p. Suppose -8*a - 8 = -k*a. Calculate z(a).
-6
Let b(y) = 2*y**2 + 9 - 3 - 8*y - 4*y**2 + 3*y**2. Let o be b(7). Let t be 3 + (-2)/o + -2. Let n(s) = -s**3 + 3*s**2 + s + 3. What is n(t)?
6
Suppose -2*c - 2*g + 2 = -0*g, -4*g + 3 = 3*c. Let h(u) = -10*u - 1. Determine h(c).
-11
Suppose -5*v - 4*y + 34 = 0, 2*y - 28 + 2 = -4*v. Let f(n) = n**2 - 8*n + 4. Give f(v).
-8
Let f(b) = b**2 - 10*b + 5. Let l be f(10). Let s(k) = -l*k + 5*k - k - 2. Calculate s(-4).
2
Let y(r) = r**3 - 6*r**2 + 4*r + 1. Let f(d) = 3*d**2 - 2*d. Let g be f(-1). Determine y(g).
-4
Let h(s) be the second derivative of -s**4/12 - 5*s**3/6 - s**2 - 2*s. Let l be h(-4). Let f(g) = -g**2 - g + 2. Calculate f(l).
-4
Let n(d) = d**2 + 4*d - 19 + 17 + 9. Determine n(-4).
7
Let c(t) = -3*t - 3. Let w(i) = 7*i**2 + 12*i - 1. Let r(k) = 20*k**2 + 35*k - 4. Let y(m) = -6*r(m) + 17*w(m). Let s be y(-7). Suppose z + s = -3. Give c(z).
6
Let v(t) = 7*t**2 - 14*t - 15. Let o(q) = -7*q - 5 + 8 + 3*q**2 - 4 - 6. Let u(p) = -9*o(p) + 4*v(p). Let g = 10 + -16. What is u(g)?
-3
Let k = 2 - 0. Let p(x) = 0 + k - 5 - x + 2. Let j = 3 - 1. Give p(j).
-3
Let y(o) = -o**2 - 9*o - 5. Let u = -29 + 21. Give y(u).
3
Let y(a) be the first derivative of -a**2/2 - 2. Let i be 1/((-3)/3)*-2. Suppose -4 = -r + i*r. Calculate y(r).
4
Let c(v) = -3*v**2 + 1 + 4*v - 8*v + 4*v**2. What is c(5)?
6
Suppose -3*p = 4 + 8. Let f = -7 - 11. Let s be p/f + (-21)/(-27). Let n(g) = 7*g**3 - g. Give n(s).
6
Let y(a) = a**3 + 4*a**2 - 4*a - 3. Let p = 1 - 4. Let t be p*4/6 - -3. Let r = t - 6. Calculate y(r).
-8
Let r = 0 + 5. Suppose r*m - 14 = 3*o + 1, -4*o - 3*m = 20. Let u(j) = j**2 + 5*j + 1. Give u(o).
1
Let g(a) = -3*a**2 - 3*a**2 + 7*a**2 - 5 + 6*a. Give g(-6).
-5
Let t = 3 - 3. Suppose 0 = 5*q - j - 17, -2*q = -t*j - j - 8. Suppose 0 = y - q + 1. Let u(l) = -l**2 - 1. Calculate u(y).
-5
Let b(p) = p**2 - 2*p - 1. Let c = 6 - 6. Suppose c - 10 = 5*d. What is b(d)?
7
Let s(g) be the third derivative of -g**4/24 + 2*g**3 + 3*g**2. Suppose 3*n - 19 = -1. What is s(n)?
6
Let i(k) be the first derivative of -k**2/2 + k - 2